{"id":127,"date":"2011-10-16T11:02:46","date_gmt":"2011-10-16T11:02:46","guid":{"rendered":"http:\/\/www.schinko.org\/wordpress\/?page_id=127"},"modified":"2011-10-16T14:00:26","modified_gmt":"2011-10-16T14:00:26","slug":"uber-mich-2","status":"publish","type":"page","link":"https:\/\/www.schinko.org\/?page_id=127","title":{"rendered":"\u00dcber mich"},"content":{"rendered":"<p><a href=\"http:\/\/www.schinko.org\/?attachment_id=134\" rel=\"attachment wp-att-134\"><img loading=\"lazy\" decoding=\"async\" class=\"alignleft size-large wp-image-134\" title=\"Ilse Schinko\" src=\"http:\/\/www.schinko.org\/wp-content\/uploads\/2011\/10\/ilse-352x500.jpg\" alt=\"\" width=\"176\" height=\"250\" srcset=\"https:\/\/www.schinko.org\/wp-content\/uploads\/2011\/10\/ilse-352x500.jpg 352w, https:\/\/www.schinko.org\/wp-content\/uploads\/2011\/10\/ilse-105x150.jpg 105w, https:\/\/www.schinko.org\/wp-content\/uploads\/2011\/10\/ilse-211x300.jpg 211w, https:\/\/www.schinko.org\/wp-content\/uploads\/2011\/10\/ilse.jpg 434w\" sizes=\"auto, (max-width: 176px) 100vw, 176px\" \/><\/a>Ich bin Ilse Schinko, lebe in Gausendorf bei Leoben und arbeite als Sozialp\u00e4dagoge mit Jugendlichen. Privat sowie beruflich besch\u00e4ftige ich mich schon lange mit der Malerei. Gelernt habe ich bei einigen international t\u00e4tigen K\u00fcnstlern.<br \/>\nAusstellungen: in der Krakauebene, in Leibnitz im Retzhof, im Schlo\u00df Seggau, in Eisenerz in den Kammers\u00e4len, in der AK Leoben, in der RAIKA Trofaiach und in der HNO-Abteilung im LKH Leoben, CCD Voest Alpine Donawitz.<\/p>\n","protected":false},"excerpt":{"rendered":"<p>Ich bin Ilse Schinko, lebe in Gausendorf bei Leoben und arbeite als Sozialp\u00e4dagoge mit Jugendlichen. Privat sowie beruflich besch\u00e4ftige ich mich schon lange mit der Malerei. Gelernt habe ich bei einigen international t\u00e4tigen K\u00fcnstlern. Ausstellungen: in der Krakauebene, in Leibnitz &hellip; <a href=\"https:\/\/www.schinko.org\/?page_id=127\">Weiterlesen <span class=\"meta-nav\">&rarr;<\/span><\/a><\/p>\n","protected":false},"author":1,"featured_media":0,"parent":0,"menu_order":0,"comment_status":"open","ping_status":"open","template":"","meta":{"footnotes":""},"class_list":["post-127","page","type-page","status-publish","hentry"],"_links":{"self":[{"href":"https:\/\/www.schinko.org\/index.php?rest_route=\/wp\/v2\/pages\/127","targetHints":{"allow":["GET"]}}],"collection":[{"href":"https:\/\/www.schinko.org\/index.php?rest_route=\/wp\/v2\/pages"}],"about":[{"href":"https:\/\/www.schinko.org\/index.php?rest_route=\/wp\/v2\/types\/page"}],"author":[{"embeddable":true,"href":"https:\/\/www.schinko.org\/index.php?rest_route=\/wp\/v2\/users\/1"}],"replies":[{"embeddable":true,"href":"https:\/\/www.schinko.org\/index.php?rest_route=%2Fwp%2Fv2%2Fcomments&post=127"}],"version-history":[{"count":11,"href":"https:\/\/www.schinko.org\/index.php?rest_route=\/wp\/v2\/pages\/127\/revisions"}],"predecessor-version":[{"id":146,"href":"https:\/\/www.schinko.org\/index.php?rest_route=\/wp\/v2\/pages\/127\/revisions\/146"}],"wp:attachment":[{"href":"https:\/\/www.schinko.org\/index.php?rest_route=%2Fwp%2Fv2%2Fmedia&parent=127"}],"curies":[{"name":"wp","href":"https:\/\/api.w.org\/{rel}","templated":true}]}}